{"id":12,"date":"2022-01-04T16:24:25","date_gmt":"2022-01-04T16:24:25","guid":{"rendered":"https:\/\/saltkallegarden.se\/?page_id=12"},"modified":"2026-02-09T12:11:40","modified_gmt":"2026-02-09T12:11:40","slug":"beautiful-portfolios-for-exceptional-creatives","status":"publish","type":"page","link":"https:\/\/saltkallegarden.se\/","title":{"rendered":""},"content":{"rendered":"\n<div class=\"wp-block-cover alignfull has-white-color has-text-color has-link-color wp-elements-823db92b14dc94cbae017948e55198e9\" style=\"border-style:none;border-width:0px;margin-top:0;margin-bottom:0;padding-top:0;padding-bottom:0;min-height:783px;aspect-ratio:unset;\"><img loading=\"lazy\" decoding=\"async\" width=\"1077\" height=\"497\" class=\"wp-block-cover__image-background wp-image-155 size-full\" alt=\"\" src=\"https:\/\/saltkallegarden.se\/wp-content\/uploads\/2026\/02\/salt.png\" style=\"object-position:34% 17%\" data-object-fit=\"cover\" data-object-position=\"34% 17%\" srcset=\"https:\/\/saltkallegarden.se\/wp-content\/uploads\/2026\/02\/salt.png 1077w, https:\/\/saltkallegarden.se\/wp-content\/uploads\/2026\/02\/salt-300x138.png 300w, https:\/\/saltkallegarden.se\/wp-content\/uploads\/2026\/02\/salt-1024x473.png 1024w\" sizes=\"auto, (max-width: 1077px) 100vw, 1077px\" \/><span aria-hidden=\"true\" class=\"wp-block-cover__background has-background-dim-40 has-background-dim wp-block-cover__gradient-background has-background-gradient has-black-secondary-gradient-background\"><\/span><div class=\"wp-block-cover__inner-container has-global-padding is-layout-constrained wp-container-core-cover-is-layout-4897f5cc wp-block-cover-is-layout-constrained\">\n<p class=\"has-text-align-center\" style=\"font-size:clamp(40.387px, 2.524rem + ((1vw - 3.2px) * 3.71), 76px);\"><strong>Saltk\u00e4lleg\u00e5rden<\/strong><\/p>\n\n\n\n<p class=\"has-text-align-center has-white-color has-text-color has-link-color wp-elements-8593652eb5424845b37d60b37aa04d2c\" style=\"border-style:none;border-width:0px;border-top-left-radius:0px;border-top-right-radius:0px;border-bottom-left-radius:0px;border-bottom-right-radius:0px;font-size:clamp(15.747px, 0.984rem + ((1vw - 3.2px) * 0.86), 24px);\"><strong>Mitt i det natursk\u00f6na Bohusl\u00e4n hittar du Saltk\u00e4lleg\u00e5rden, ett boende i hemlik och trivsam milj\u00f6.<br>P\u00e5 Saltk\u00e4lleg\u00e5rden s\u00e4tter vi fokus p\u00e5 individen och h\u00e4r betraktas varje m\u00e4nniska som unik.<\/strong><\/p>\n<\/div><\/div>\n\n\n\n<p><\/p>\n\n\n\n<div class=\"wp-block-cover alignfull is-light has-parallax is-position-center-center\" style=\"min-height:375px;aspect-ratio:unset;\"><span aria-hidden=\"true\" class=\"wp-block-cover__background has-primary-background-color has-background-dim-10 has-background-dim\"><\/span><div class=\"wp-block-cover__inner-container is-layout-flow wp-block-cover-is-layout-flow\">\n<p class=\"has-text-align-center has-primary-color has-text-color has-huge-font-size\" style=\"line-height:1.1\"><strong>Verksamhet<\/strong><\/p>\n\n\n\n<p class=\"has-text-align-center has-primary-color has-text-color has-link-color wp-elements-ef3e78b49f3b275fc3ce973a8cd5fe1c\">Verksamheten startade redan 1957 under namnet Saltk\u00e4llans sjukhem och var ett av Bohusl\u00e4ns f\u00f6rsta privata v\u00e5rdhem. Huset byggdes i slutet av 1800-talet och har bland annat fungerat som skola.<\/p>\n\n\n\n<div style=\"height:39px\" aria-hidden=\"true\" class=\"wp-block-spacer\"><\/div>\n\n\n\n<div class=\"wp-block-buttons is-horizontal is-content-justification-center is-layout-flex wp-container-core-buttons-is-layout-03627597 wp-block-buttons-is-layout-flex\">\n<div class=\"wp-block-button is-style-outline is-style-outline--1\"><a class=\"wp-block-button__link has-primary-color has-text-color no-border-radius wp-element-button\" href=\"https:\/\/saltkallegarden.se\/index.php\/kontakt\/\">Kontakta OSS<\/a><\/div>\n<\/div>\n<\/div><\/div>\n\n\n\n<div class=\"wp-block-group alignfull is-layout-flow wp-block-group-is-layout-flow\">\n<div class=\"wp-block-columns are-vertically-aligned-center is-layout-flex wp-container-core-columns-is-layout-800736d2 wp-block-columns-is-layout-flex\" style=\"margin-top:0;margin-bottom:0;padding-right:var(--wp--preset--spacing--small);padding-left:var(--wp--preset--spacing--small)\">\n<div class=\"wp-block-column is-vertically-aligned-center is-layout-flow wp-block-column-is-layout-flow\">\n<div style=\"height:48px\" aria-hidden=\"true\" class=\"wp-block-spacer\"><\/div>\n\n\n\n<figure class=\"wp-block-image size-full is-resized is-style-default\"><img decoding=\"async\" src=\"https:\/\/saltkallegarden.se\/wp-content\/uploads\/2022\/01\/269889527_3153224991588919_2924116640615047994_n-e1641314490127.jpg\" alt=\"\" class=\"wp-image-50\" style=\"width:400px;height:530px\"\/><\/figure>\n<\/div>\n\n\n\n<div class=\"wp-block-column is-vertically-aligned-center is-layout-flow wp-block-column-is-layout-flow\">\n<h2 class=\"wp-block-heading\">Boende<\/h2>\n\n\n\n<p>Charmigt boende &#8211; Mitt i det natursk\u00f6na Bohusl\u00e4n hittar du Saltk\u00e4lleg\u00e5rden, ett litet gruppboende med trivsamt boende i hemlik milj\u00f6. <\/p>\n\n\n\n<div class=\"wp-block-buttons is-layout-flex wp-block-buttons-is-layout-flex\">\n<div class=\"wp-block-button is-style-outline is-style-outline--2\"><a class=\"wp-block-button__link no-border-radius wp-element-button\" href=\"https:\/\/saltkallegarden.se\/index.php\/boende\/\">Boende<\/a><\/div>\n<\/div>\n<\/div>\n<\/div>\n<\/div>\n\n\n\n<div class=\"wp-block-group alignfull has-background is-layout-flow wp-block-group-is-layout-flow\" style=\"background-color:#e5e9ec\">\n<hr class=\"wp-block-separator has-css-opacity is-style-wide\"\/>\n\n\n\n<p><\/p>\n\n\n\n<div class=\"wp-block-columns is-layout-flex wp-container-core-columns-is-layout-e76a7a35 wp-block-columns-is-layout-flex\" style=\"padding-right:var(--wp--preset--spacing--small);padding-left:var(--wp--preset--spacing--small)\">\n<div class=\"wp-block-column is-vertically-aligned-center is-layout-flow wp-block-column-is-layout-flow\">\n<h2 class=\"wp-block-heading\">Om Oss<\/h2>\n\n\n\n<p>V\u00e5r v\u00e5rdideologi \u00e4r att vi vill hj\u00e4lpa individen till en meningsfull livskvalitet utifr\u00e5n var och ens behov och m\u00f6jligheter, samt st\u00e4rka sj\u00e4lvk\u00e4nslan och uppmuntra till kontakter med det egna n\u00e4tverket. <\/p>\n\n\n\n<div class=\"wp-block-buttons is-horizontal is-content-justification-left is-layout-flex wp-container-core-buttons-is-layout-20be11b6 wp-block-buttons-is-layout-flex\">\n<div class=\"wp-block-button is-style-outline is-style-outline--3\"><a class=\"wp-block-button__link no-border-radius wp-element-button\" href=\"https:\/\/saltkallegarden.se\/index.php\/om\/\">Om Oss<\/a><\/div>\n<\/div>\n\n\n\n<p><\/p>\n<\/div>\n\n\n\n<div class=\"wp-block-column is-layout-flow wp-block-column-is-layout-flow\">\n<div style=\"height:48px\" aria-hidden=\"true\" class=\"wp-block-spacer\"><\/div>\n\n\n\n<figure class=\"wp-block-image size-full is-style-default\"><img loading=\"lazy\" decoding=\"async\" width=\"355\" height=\"462\" src=\"https:\/\/saltkallegarden.se\/wp-content\/uploads\/2022\/01\/269842133_460568202393180_9107181546733570478_n-e1641314222208.jpg\" alt=\"\" class=\"wp-image-38\" srcset=\"https:\/\/saltkallegarden.se\/wp-content\/uploads\/2022\/01\/269842133_460568202393180_9107181546733570478_n-e1641314222208.jpg 355w, https:\/\/saltkallegarden.se\/wp-content\/uploads\/2022\/01\/269842133_460568202393180_9107181546733570478_n-e1641314222208-231x300.jpg 231w\" sizes=\"auto, (max-width: 355px) 100vw, 355px\" \/><\/figure>\n<\/div>\n<\/div>\n\n\n\n<p><\/p>\n<\/div>\n\n\n\n<div class=\"wp-block-group alignfull has-black-background-color has-background is-layout-flow wp-block-group-is-layout-flow\">\n<h1 class=\"wp-block-heading has-text-align-center has-white-color has-text-color\"><strong>Galleri<\/strong><\/h1>\n\n\n\n<div class=\"wp-block-group is-nowrap is-layout-flex wp-container-core-group-is-layout-33b16b20 wp-block-group-is-layout-flex\" style=\"padding-right:var(--wp--preset--spacing--small);padding-left:var(--wp--preset--spacing--small)\">\n<div class=\"wp-block-group is-nowrap is-layout-flex wp-container-core-group-is-layout-6c531013 wp-block-group-is-layout-flex\"><\/div>\n\n\n\n<figure class=\"wp-block-gallery has-nested-images columns-5 is-cropped wp-block-gallery-4 is-layout-flex wp-block-gallery-is-layout-flex\">\n<figure class=\"wp-block-image size-full\"><img loading=\"lazy\" decoding=\"async\" width=\"1080\" height=\"1436\" data-id=\"139\" src=\"https:\/\/saltkallegarden.se\/wp-content\/uploads\/2026\/02\/1000115318-e1770636213676.jpg\" alt=\"\" class=\"wp-image-139\" style=\"aspect-ratio:1\" srcset=\"https:\/\/saltkallegarden.se\/wp-content\/uploads\/2026\/02\/1000115318-e1770636213676.jpg 1080w, https:\/\/saltkallegarden.se\/wp-content\/uploads\/2026\/02\/1000115318-e1770636213676-226x300.jpg 226w, https:\/\/saltkallegarden.se\/wp-content\/uploads\/2026\/02\/1000115318-e1770636213676-770x1024.jpg 770w, https:\/\/saltkallegarden.se\/wp-content\/uploads\/2026\/02\/1000115318-e1770636213676-768x1021.jpg 768w\" sizes=\"auto, (max-width: 1080px) 100vw, 1080px\" \/><\/figure>\n\n\n\n<figure class=\"wp-block-image size-full\"><img loading=\"lazy\" decoding=\"async\" width=\"352\" height=\"212\" data-id=\"120\" src=\"https:\/\/saltkallegarden.se\/wp-content\/uploads\/2022\/01\/hus.jpg\" alt=\"\" class=\"wp-image-120\" style=\"aspect-ratio:1\" srcset=\"https:\/\/saltkallegarden.se\/wp-content\/uploads\/2022\/01\/hus.jpg 352w, https:\/\/saltkallegarden.se\/wp-content\/uploads\/2022\/01\/hus-300x181.jpg 300w\" sizes=\"auto, (max-width: 352px) 100vw, 352px\" \/><\/figure>\n\n\n\n<figure class=\"wp-block-image size-full\"><img loading=\"lazy\" decoding=\"async\" width=\"960\" height=\"1707\" data-id=\"96\" src=\"https:\/\/saltkallegarden.se\/wp-content\/uploads\/2022\/01\/270353685_2727780027527259_8943147434733952531_n-1.gif\" alt=\"\" class=\"wp-image-96\" style=\"aspect-ratio:1\"\/><\/figure>\n\n\n\n<figure class=\"wp-block-image size-full\"><img loading=\"lazy\" decoding=\"async\" width=\"355\" height=\"456\" data-id=\"101\" src=\"https:\/\/saltkallegarden.se\/wp-content\/uploads\/2022\/01\/269814621_264866932405436_6371903549868950120_n-1-e1641319745874.jpg\" alt=\"\" class=\"wp-image-101\" style=\"aspect-ratio:1\" srcset=\"https:\/\/saltkallegarden.se\/wp-content\/uploads\/2022\/01\/269814621_264866932405436_6371903549868950120_n-1-e1641319745874.jpg 355w, https:\/\/saltkallegarden.se\/wp-content\/uploads\/2022\/01\/269814621_264866932405436_6371903549868950120_n-1-e1641319745874-234x300.jpg 234w\" sizes=\"auto, (max-width: 355px) 100vw, 355px\" \/><\/figure>\n\n\n\n<figure class=\"wp-block-image size-full\"><img loading=\"lazy\" decoding=\"async\" width=\"354\" height=\"462\" data-id=\"50\" src=\"https:\/\/saltkallegarden.se\/wp-content\/uploads\/2022\/01\/269889527_3153224991588919_2924116640615047994_n-e1641314527541.jpg\" alt=\"\" class=\"wp-image-50\" style=\"aspect-ratio:1\" srcset=\"https:\/\/saltkallegarden.se\/wp-content\/uploads\/2022\/01\/269889527_3153224991588919_2924116640615047994_n-e1641314527541.jpg 354w, https:\/\/saltkallegarden.se\/wp-content\/uploads\/2022\/01\/269889527_3153224991588919_2924116640615047994_n-e1641314527541-230x300.jpg 230w\" sizes=\"auto, (max-width: 354px) 100vw, 354px\" \/><\/figure>\n\n\n\n<figure class=\"wp-block-image size-full\"><img loading=\"lazy\" decoding=\"async\" width=\"2000\" height=\"1201\" data-id=\"82\" src=\"https:\/\/saltkallegarden.se\/wp-content\/uploads\/2022\/01\/cropped-269816209_3098219823779665_5182509671071861499_n.jpg\" alt=\"\" class=\"wp-image-82\" style=\"aspect-ratio:1\" srcset=\"https:\/\/saltkallegarden.se\/wp-content\/uploads\/2022\/01\/cropped-269816209_3098219823779665_5182509671071861499_n.jpg 2000w, https:\/\/saltkallegarden.se\/wp-content\/uploads\/2022\/01\/cropped-269816209_3098219823779665_5182509671071861499_n-300x180.jpg 300w, https:\/\/saltkallegarden.se\/wp-content\/uploads\/2022\/01\/cropped-269816209_3098219823779665_5182509671071861499_n-1024x615.jpg 1024w, https:\/\/saltkallegarden.se\/wp-content\/uploads\/2022\/01\/cropped-269816209_3098219823779665_5182509671071861499_n-768x461.jpg 768w, https:\/\/saltkallegarden.se\/wp-content\/uploads\/2022\/01\/cropped-269816209_3098219823779665_5182509671071861499_n-1536x922.jpg 1536w\" sizes=\"auto, (max-width: 2000px) 100vw, 2000px\" \/><\/figure>\n\n\n\n<figure class=\"wp-block-image size-full\"><img loading=\"lazy\" decoding=\"async\" width=\"355\" height=\"768\" data-id=\"45\" src=\"https:\/\/saltkallegarden.se\/wp-content\/uploads\/2022\/01\/269823359_315987256925400_3081376811223360852_n.jpg\" alt=\"\" class=\"wp-image-45\" style=\"aspect-ratio:1\" srcset=\"https:\/\/saltkallegarden.se\/wp-content\/uploads\/2022\/01\/269823359_315987256925400_3081376811223360852_n.jpg 355w, https:\/\/saltkallegarden.se\/wp-content\/uploads\/2022\/01\/269823359_315987256925400_3081376811223360852_n-139x300.jpg 139w\" sizes=\"auto, (max-width: 355px) 100vw, 355px\" \/><\/figure>\n\n\n\n<figure class=\"wp-block-image size-full\"><img loading=\"lazy\" decoding=\"async\" width=\"355\" height=\"768\" data-id=\"48\" src=\"https:\/\/saltkallegarden.se\/wp-content\/uploads\/2022\/01\/269842133_460568202393180_9107181546733570478_n-1.jpg\" alt=\"\" class=\"wp-image-48\" style=\"aspect-ratio:1\" srcset=\"https:\/\/saltkallegarden.se\/wp-content\/uploads\/2022\/01\/269842133_460568202393180_9107181546733570478_n-1.jpg 355w, https:\/\/saltkallegarden.se\/wp-content\/uploads\/2022\/01\/269842133_460568202393180_9107181546733570478_n-1-139x300.jpg 139w\" sizes=\"auto, (max-width: 355px) 100vw, 355px\" \/><\/figure>\n\n\n\n<figure class=\"wp-block-image size-full\"><img loading=\"lazy\" decoding=\"async\" width=\"355\" height=\"768\" data-id=\"46\" src=\"https:\/\/saltkallegarden.se\/wp-content\/uploads\/2022\/01\/269826286_450401366539774_5189059762704737466_n.jpg\" alt=\"\" class=\"wp-image-46\" style=\"aspect-ratio:1\" srcset=\"https:\/\/saltkallegarden.se\/wp-content\/uploads\/2022\/01\/269826286_450401366539774_5189059762704737466_n.jpg 355w, https:\/\/saltkallegarden.se\/wp-content\/uploads\/2022\/01\/269826286_450401366539774_5189059762704737466_n-139x300.jpg 139w\" sizes=\"auto, (max-width: 355px) 100vw, 355px\" \/><\/figure>\n<\/figure>\n<\/div>\n<\/div>\n","protected":false},"excerpt":{"rendered":"<p>Boende Charmigt boende &#8211; Mitt i det natursk\u00f6na Bohusl\u00e4n hittar du Saltk\u00e4lleg\u00e5rden, ett litet gruppboende med trivsamt boende i hemlik milj\u00f6. Om Oss V\u00e5r v\u00e5rdideologi \u00e4r att vi vill hj\u00e4lpa individen till en meningsfull livskvalitet utifr\u00e5n var och ens behov och m\u00f6jligheter, samt st\u00e4rka sj\u00e4lvk\u00e4nslan och uppmuntra till kontakter med det egna n\u00e4tverket. Galleri<\/p>\n","protected":false},"author":1,"featured_media":121,"parent":0,"menu_order":0,"comment_status":"closed","ping_status":"closed","template":"","meta":{"footnotes":""},"class_list":["post-12","page","type-page","status-publish","has-post-thumbnail","hentry"],"_links":{"self":[{"href":"https:\/\/saltkallegarden.se\/index.php\/wp-json\/wp\/v2\/pages\/12","targetHints":{"allow":["GET"]}}],"collection":[{"href":"https:\/\/saltkallegarden.se\/index.php\/wp-json\/wp\/v2\/pages"}],"about":[{"href":"https:\/\/saltkallegarden.se\/index.php\/wp-json\/wp\/v2\/types\/page"}],"author":[{"embeddable":true,"href":"https:\/\/saltkallegarden.se\/index.php\/wp-json\/wp\/v2\/users\/1"}],"replies":[{"embeddable":true,"href":"https:\/\/saltkallegarden.se\/index.php\/wp-json\/wp\/v2\/comments?post=12"}],"version-history":[{"count":40,"href":"https:\/\/saltkallegarden.se\/index.php\/wp-json\/wp\/v2\/pages\/12\/revisions"}],"predecessor-version":[{"id":162,"href":"https:\/\/saltkallegarden.se\/index.php\/wp-json\/wp\/v2\/pages\/12\/revisions\/162"}],"wp:featuredmedia":[{"embeddable":true,"href":"https:\/\/saltkallegarden.se\/index.php\/wp-json\/wp\/v2\/media\/121"}],"wp:attachment":[{"href":"https:\/\/saltkallegarden.se\/index.php\/wp-json\/wp\/v2\/media?parent=12"}],"curies":[{"name":"wp","href":"https:\/\/api.w.org\/{rel}","templated":true}]}}